123)
-12
58 + -87 + 23 + (11 - 0) + 19
24
What is the value of -143 + 13 + (-3 - -28 - (-68 + 77))?
-114
What is the value of 4 + 4 - 21 - (-10 - -3) - 27?
-33
What is the value of -8 - -12 - (59 - (7 - -7))?
-41
What is the value of (113 - 7) + -13 + -1 + -3 + 4 + -9?
84
Calculate -55 + 14 - -34 - (18 - 5).
-20
-109 - (55 + -76 + -22)
-66
Evaluate -70 + -2 - (-7 + -16 + 6 + -76 + 89).
-68
Evaluate -4 + (0 - 13) + (0 - -15 - -43).
41
What is (-4 - (4 + 0 - 2)) + (-33 - (24 + -24))?
-39
Evaluate -57 - (34 - 8 - 3 - 3).
-77
Evaluate -15 + -10 - -22 - (15 - 2) - 130.
-146
What is the value of (36 - (65 - 112)) + 32?
115
What is the value of (-8 - (2 + -1)) + 78 + -125 + (-29 - 35)?
-120
Evaluate 34 - (-12 - (10 + -149)).
-93
What is 1 - -75 - (803 + -755)?
28
Evaluate -64 - (-12 + (66 - 31) + -35).
-52
What is the value of -1302 + 1306 - ((0 - 5) + -1 + 1)?
9
-54 + 2 + 31 - -18
-3
56 + -85 + -3 - (1 - -46)
-79
1 + 30 + 29 + -57 + (-12 - 2)
-11
(35 - -5) + (228 - 257) - (-54 + (2 - 1))
64
Calculate -11 - 10 - ((2 + -7 - -119) + -9).
-126
Calculate (-1 - -2) + (-24 - 6) - (60 - (30 + 34)).
-25
Calculate -73 + 56 - ((-1 - -38) + -4 + 3).
-53
What is (24 - 37) + 20 + -6 + 5?
6
What is the value of 14 + (-11 - (-21 + 49 + 27))?
-52
Calculate -98 - (6 + (-12 - 3) - (-2 + (-27 - -24))).
-94
Evaluate (85 - 52) + 23 + -10.
46
What is -20 + (5 - 3) + -71 + 77 - (-57 - 0)?
45
Calculate (1 + -72 - (90 - 76 - -2)) + 20.
-67
Evaluate -21 + 0 + 1 - -1 - (231 - (312 + -72)).
-10
-439 + -61 + 397 + (3 - 1 - 9)
-110
What is 361 + -286 - (-1 - -7) - 18?
51
Evaluate 16 - ((21 + -36 - 6) + 21).
16
Evaluate -2 + 63 + (-15 - ((20 - -23) + -79)).
82
Evaluate (5 - -14) + (-3 - 23) + 2.
-5
Evaluate (-4 - -22) + -12 - (-2 - -61).
-53
What is 104 - 145 - (-1 + -12)?
-28
Calculate (-11 - (14 + (-13 - 3))) + (-45 - 2).
-56
Evaluate (11 - ((12 - -2) + -9)) + 15 + (9 - 12).
18
Evaluate 4 - 14 - (-1 - (-7 + 9 + 1)) - 56.
-62
(-72 - (4 - 30) - 17) + 15
-48
(-407 - -359) + (47 - 3)
-4
What is the value of 20 + 67 + (-55 - -61)?
93
(-41 - (0 - -2)) + (3 + (13 - -29) - 37)
-35
0 - (-5 + -62) - (-42 + 47 + -15)
77
74 + (-8461 - -8473 - (13 - (1 + -2) - 1))
73
-22 - (15 + -98 - -18)
43
What is (16 - (8 - 58) - 17 - (1 - -1)) + 10?
57
What is 9 + (50 - 55 - -48)?
52
What is the value of 52 - (-100 - 33 - -181)?
4
33 + (-23 + 11 - 28 - -19)
12
What is the value of (-38 + 30 - -36) + -22 + -11?
-5
(175 + -69 - 41) + -64 - (0 + -6)
7
-17 + (817 + -819 - (16 + (-1 - -1)))
-35
What is -3 + -5 + (-19 - 15) + 17?
-25
Evaluate -2 + -1 + (18 - (21 + -4 + 15)) + -116.
-133
Calculate 29 + (16 + -6 - 8 - 1).
30
What is -8 + 12 + 1 + -9 - -42 - (14 + -3)?
27
What is 0 + 25 - (81 + 23 - 35)?
-44
What is (-2 + 9 - (-45 - (-114 + 53))) + 5 + 84?
80
What is the value of (9 - -21 - 17) + -9 + 24?
28
Evaluate (9 - -52) + (5 - (5 - -4)) + -15.
42
Calculate (2 - 3) + -18 - (-74 + 71 - (3 + 4)).
-9
What is the value of 15 + -31 - -48 - (82 + 45)?
-95
Evaluate 2 - 2 - -17 - (-202 + 76 + 111).
32
What is the value of -52 - (-37 - (-23 - (-11 + 11)))?
-38
What is 25 + (17 - (-6 - -36)) + (47 - 2) + -2?
55
What is the value of (231 - 243) + -2 + 13 + -7 - (-1 + -57)?
50
-126 - (-14 - (8 - 7)) - 17 - -23
-105
(6 + -17 - (-7 - (-1 - (-1 + -2)))) + 13
11
What is the value of (-76 - 44) + 102 + 88?
70
Evaluate (3 - (-5 - -3 - -4)) + 4 + -13 + -39.
-47
What is the value of -48 + -1 + 24 + 20?
-5
Evaluate -42 + 6 + (-16 - -8 - -8 - (5 - 1)).
-40
Evaluate 79 - (14 + 119 + -81).
27
Calculate 7 + (-26 - (41 - (9 - -7) - 4)).
-40
What is the value of 13 - (-20 + (-10 - -10) - 3) - -1?
37
50 - (25 - 103) - 209
-81
Evaluate -2 + 4 + -12 + -71 + 76 + -72.
-77
What is the value of -56 + -21 + (50 - -16) + (101 - 1)?
89
What is (-18 - -6) + 37 + -17 + 0?
8
What is the value of 45 + (25 - -2) - 52?
20
Evaluate -5632 - -5600 - (-11 - (2 + 2)).
-17
Calculate -103 + (69 - 22) - -162.
106
Evaluate -29 - 8 - (-142 - (-99 + 42)).
48
-13 + 5 + 12 - (9 - (10 + -2 - -1))
4
2 - 16 - (-36 + 13 - -10) - -1
0
What is the value of -15 - 1 - (-54 - (-105 + 51))?
-16
-13 + 37 + -19 - (-15 - -46)
-26
(-7 - -7) + (48 - (-8 + (8 - (-1 + 1))))
48
What is the value of 1 + (-66 - 1) + (54 - -1 - (2793 + -2737))?
-67
What is the value of (-262 - -68 - -134) + 181?
121
What is 132 + -104 + 5 + (-1 - 13) + 4?
23
What is the value of -49 - (28 + -30) - (-27 + -10)?
-10
What is (11 - -45) + (2 - (-10 + (3 - -1) - -9))?
55
What is the value of -35 - -29 - ((-28 - -3) + 9)?
10
What is 7 + -2 + (-13 - -18 - -15 - 23)?
2
Calculate (30 - 12) + -303 + 256.
-29
Calculate 2 + 0 + (634 - 564).
72
What is the value of 37 + -1 + (-470 - -435)?
1
Evaluate (38 - (15 - -114)) + 164.
73
What is -24 - (-19 - (52 - 61) - (-1 - 10 - 1))?
-26
-228 - -230 - ((55 - (-2 + 4)) + 3 + 0)
-54
Calculate 13 + -9 - (15 + 4 - -4).
-19
Calculate -341 + 431 - ((7 - 2) + (1 - 27)).
111
What is the value of -24 + (5 - (-9 + 24 + -38))?
4
Evaluate -29 + 159 + -152 + (4 + 143 - -3).
128
Evaluate (0 - (66 - 0)) + 11 + 15 + -29.
-69
Calculate (1 - (23 - 1)) + (42 - 3 - 28).
-10
What is the value of 118 + -117 + 6 + 44?
51
Evaluate 15 - ((19 - 12) + -19 + 23).
4
Calculate (67 - 55) + ((-3 - -8) + -1 - (63 + 1)).
-48
Evaluate 87 + -142 + (8 - (3 + 2)).
-52
9 - (1 + 26 + -6 - (6 + -3))
-9
Calculate 99 + (-154 - -124 - -63).
132
15 - 3 - 3 - ((228 - 158) + (-1 - 13))
-47
Evaluate -7 + -2 - (-30 + -13 + 13 + (-7 - -1)).
27
Evaluate -19 + 22 + 10 + -37 + 48.
24
Evaluate 13 + 34 + -6 + -4 + -8 + 13.
42
(-27 - (-23 + 55 - 70)) + 25
36
Evaluate 8 + -2 + -32 + (1768 - 1744).
-2
63 + (15 - 80) - 76
-78
What is 108 + (-21 - -6) + -50?
43
5 + (17 - -2 - (895 - 856))
-15
Evaluate -7 - (73 + -18) - -38.
-24
What is the value of -50003 + 50085 + (0 - 149)?
-67
What is the value of (1231 - 1275) + (1 - 4)?
-47
Evaluate 15 + (-15 - (3 + -22)) + -123 + 11.
-93
Evaluate 86 - (152 - 214) - 72.
76
What is the value of (102 - 155) + 43 + -2 + 2 + -2 + 1?
-11
What is the value of 19 - 40 - (-8 + (-31 - -37))?
-19
-8 - (1 - 36 - (14 - (0 + 23)))
18
Calculate -5 + -1 + 2 - (-36 - (20 + -133)).
-81
What is -78 + 5 + (-188 - -94 - -104)?
-63
Calculate 16 + 136 + (5 - 85).
72
Evaluate 14 - (1 + 7 + (-13 - (-20 + 6 - 2))).
3
19 + (16 - (6 - (-9 + -2)))
18
Evaluate (7 - (50 + 6 + -8 + 5)) + 10.
-36
Evaluate 46 + -4 - (-8 + 32 + -14).
32
Calculate (-28 - (16 + -5 + -6)) + 5 + (6 - 2).
-24
What is -9639 + 9661 - (15 + 0)?
7
-26 + 70 - -12 - 153
-97
-25 + 47 + (22 - 23 - 25)
-4
What is -3 + (40 + -1 - (6 - 30 - -27))?
33
Calculate 54 + (-117 - -56) + 0 + 10.
3
What is the value of -2 - (66 - 22) - -20?
-26
What is the value of -6 + (-49 - -4) - -69?
18
What is the value of (-3 - 0) + 16 + -39 + 14 + 15?
3
-585 - (-1154 + 581) - (1 + -72 + 0)
59
Calculate (-4 + (-2 - -19) - (-121 + 132)) + 48 + 3.
53
(60 - 6) + (30 - 110)
-26
Calculate 18 + -9 + 54 + 5 + -22 + 16 + -5.
57
Evaluate -1 + 57 - (19 - ((2 - -11) + -8)).
42
What is 14 + (-3 + (-9 - -12) - (-1 + 48))?
-33
What is the value of (11 - 23 - -4 - -26) + (-49 - 40)?
-71
Calculate -13 + 1 - (-41 + -77 - -67).
39
Calculate -2 + -25 + (5 - 5) + (-12 + -39 - -52).
-26
Calculate 40 + (0 - 5) + -15 + (-4 - -11).
27
3 - -9 - (-2 - -4) - (-27 + 35)
2
What is the value of (30 + -99 - 16) + (26 - 0)?
-59
-118 + 97 + -6 + (26 - 3) + 53 + -3
46
(-16 - 4) + 1 - (1388 - 1410)
3
What is -18 - -10 - (-37 - -5) - (74 + 13)?
-63
Evaluate (-17 - (-57 - -25)) + -1.
14
Evaluate 15 - (25 + -19 + 28) - (-38 - 1).
20
(177 + -42 - 60) + -6 + 4 + 0 + -8
65
What is 5 + (2 + (-9 - -21 - 6) + 4 - 4)?
13
Evaluate 1276 + -1252 - (-1 + 0 - 4).
29
Evaluate -18 + 0 + 36 + -24 + 8 - -2.
4
Evaluate 11 + 0 - (115 + (-12 - 10) + 7 + -13).
-76
Evaluate 4 + ((-13 - 27 - -40) + 2 + 68 - -1).
75
What is the value of (10 - -27) + (-373 - -253)?
-83
Calculate 0 - -1 - (32 + 57 + -54).
-34
Evaluate 1 - (26 + (16 - 22) + -15).
-4
What is (-4 - 19) + -3 + -98 + 12?
-112
Evaluate 88 - 68 - 176 - ((-20 - 1) + 5).
-140
10 - ((1 - (-6 - 5)) + (-19 - (-13 + 10)))
14
Evaluate 3 + (23 + -13 + -24 - (11 - 94)).
72
Evaluate -21 - (-21 - (6 + (-38 - -15) + 11)).
-6
What is 15 + (-2 - (20 - 14)) + -14 + (21 - 6)?
8
-2 - -2 - 3 - 79 - (0 + 3 + -5)
-80
19 + 13 + (29 - 12) - 8
41
What is (5 - (-21 + 32)) + 19 - (19 + 2)?
-8
C